{"id":782,"date":"2023-06-12T14:38:56","date_gmt":"2023-06-12T12:38:56","guid":{"rendered":"http:\/\/www.astron.co.at\/?page_id=782"},"modified":"2025-03-17T14:31:40","modified_gmt":"2025-03-17T13:31:40","slug":"karriere","status":"publish","type":"page","link":"https:\/\/www.astron.co.at\/index.php\/karriere\/","title":{"rendered":"Karriere"},"content":{"rendered":"\n<p>Die ersten 7 Mitarbeiter waren auch Gr\u00fcnder und somit Miteigent\u00fcmer von ASTRON Electronic. Aus diesem Grund gab es bei uns nie eine klare Trennung zwischen Arbeit und Privatleben. Im Laufe der Jahre und mit der wachsenden Zahl der Mitarbeiter hat sich im Personalbereich zwar einiges ge\u00e4ndert, aber das Leitbild der Firma ist das gleiche geblieben:<\/p>\n\n\n\n<p class=\"has-text-align-center has-accent-color has-text-color\">&#8222;ASTRON Electronic ist unser Leben!<br>Wir verbessern unser Leben indem wir ASTRON Electronic GmbH verbessern.&#8220;<\/p>\n\n\n\n<div class=\"wp-block-group\"><div class=\"wp-block-group__inner-container is-layout-constrained wp-block-group-is-layout-constrained\">\n<h4 class=\"wp-block-heading\">berufundfamilie<\/h4>\n\n\n\n<div class=\"wp-block-group\"><div class=\"wp-block-group__inner-container is-layout-constrained wp-block-group-is-layout-constrained\">\n<p>Mit Unterst\u00fctzung des Landes K\u00e4rnten sind wir derzeit als familienfreundlicher Betrieb zertifiziert.<\/p>\n\n\n<div class=\"wp-block-image\">\n<figure class=\"aligncenter size-large is-resized\"><img loading=\"lazy\" decoding=\"async\" width=\"1024\" height=\"1022\" src=\"https:\/\/www.astron.co.at\/wp-content\/uploads\/2024\/08\/Guetezeichen_Familienfreundlicher-Arbeitgeber_neu2024-1024x1022.jpg\" alt=\"\" class=\"wp-image-996\" style=\"width:208px;height:auto\" srcset=\"https:\/\/www.astron.co.at\/wp-content\/uploads\/2024\/08\/Guetezeichen_Familienfreundlicher-Arbeitgeber_neu2024-1024x1022.jpg 1024w, https:\/\/www.astron.co.at\/wp-content\/uploads\/2024\/08\/Guetezeichen_Familienfreundlicher-Arbeitgeber_neu2024-300x300.jpg 300w, https:\/\/www.astron.co.at\/wp-content\/uploads\/2024\/08\/Guetezeichen_Familienfreundlicher-Arbeitgeber_neu2024-150x150.jpg 150w, https:\/\/www.astron.co.at\/wp-content\/uploads\/2024\/08\/Guetezeichen_Familienfreundlicher-Arbeitgeber_neu2024-768x766.jpg 768w, https:\/\/www.astron.co.at\/wp-content\/uploads\/2024\/08\/Guetezeichen_Familienfreundlicher-Arbeitgeber_neu2024-1536x1533.jpg 1536w, https:\/\/www.astron.co.at\/wp-content\/uploads\/2024\/08\/Guetezeichen_Familienfreundlicher-Arbeitgeber_neu2024.jpg 1762w\" sizes=\"auto, (max-width: 1024px) 100vw, 1024px\" \/><\/figure><\/div>\n\n<div class=\"wp-block-image\">\n<figure class=\"aligncenter size-full is-resized\"><img loading=\"lazy\" decoding=\"async\" width=\"617\" height=\"212\" src=\"https:\/\/www.astron.co.at\/wp-content\/uploads\/2025\/03\/LK_Abt.13.jpg\" alt=\"\" class=\"wp-image-1002\" style=\"width:152px;height:auto\" srcset=\"https:\/\/www.astron.co.at\/wp-content\/uploads\/2025\/03\/LK_Abt.13.jpg 617w, https:\/\/www.astron.co.at\/wp-content\/uploads\/2025\/03\/LK_Abt.13-300x103.jpg 300w\" sizes=\"auto, (max-width: 617px) 100vw, 617px\" \/><\/figure><\/div><\/div><\/div>\n<\/div><\/div>\n\n\n\n<h4 class=\"wp-block-heading\">Unser Zuhause<\/h4>\n\n\n\n<p>Unser Firmensitz liegt im wundersch\u00f6nen Gailtal im S\u00fcden K\u00e4rntens, \u00d6sterreich. Obwohl wir uns inmitten einer idyllischen l\u00e4ndlichen Umgebung befinden, t\u00e4uscht der Schein. Hier, im dynamischen Dreil\u00e4ndereck, findet Leben und Arbeiten am Puls der Zeit statt. Wir sind stolz darauf, derzeit rund 25 engagierte Mitarbeiter bei ASTRON Electronic zu haben.<\/p>\n\n\n\n<figure class=\"wp-block-gallery has-nested-images columns-default is-cropped wp-block-gallery-1 is-layout-flex wp-block-gallery-is-layout-flex\">\n<figure class=\"wp-block-image size-large\"><img loading=\"lazy\" decoding=\"async\" width=\"1024\" height=\"683\" data-id=\"900\" src=\"https:\/\/www.astron.co.at\/wp-content\/uploads\/2023\/06\/HP-AstronElectronic-aussen-Fruehling-1024x683.jpg\" alt=\"\" class=\"wp-image-900\" srcset=\"https:\/\/www.astron.co.at\/wp-content\/uploads\/2023\/06\/HP-AstronElectronic-aussen-Fruehling-1024x683.jpg 1024w, https:\/\/www.astron.co.at\/wp-content\/uploads\/2023\/06\/HP-AstronElectronic-aussen-Fruehling-300x200.jpg 300w, https:\/\/www.astron.co.at\/wp-content\/uploads\/2023\/06\/HP-AstronElectronic-aussen-Fruehling-768x513.jpg 768w, https:\/\/www.astron.co.at\/wp-content\/uploads\/2023\/06\/HP-AstronElectronic-aussen-Fruehling-360x240.jpg 360w, https:\/\/www.astron.co.at\/wp-content\/uploads\/2023\/06\/HP-AstronElectronic-aussen-Fruehling.jpg 1500w\" sizes=\"auto, (max-width: 1024px) 100vw, 1024px\" \/><\/figure>\n\n\n\n<figure class=\"wp-block-image size-large\"><img loading=\"lazy\" decoding=\"async\" width=\"1024\" height=\"502\" data-id=\"901\" src=\"https:\/\/www.astron.co.at\/wp-content\/uploads\/2023\/06\/HP-Winterbild-Suedseite-1024x502.jpg\" alt=\"\" class=\"wp-image-901\" srcset=\"https:\/\/www.astron.co.at\/wp-content\/uploads\/2023\/06\/HP-Winterbild-Suedseite-1024x502.jpg 1024w, https:\/\/www.astron.co.at\/wp-content\/uploads\/2023\/06\/HP-Winterbild-Suedseite-300x147.jpg 300w, https:\/\/www.astron.co.at\/wp-content\/uploads\/2023\/06\/HP-Winterbild-Suedseite-768x377.jpg 768w, https:\/\/www.astron.co.at\/wp-content\/uploads\/2023\/06\/HP-Winterbild-Suedseite.jpg 1500w\" sizes=\"auto, (max-width: 1024px) 100vw, 1024px\" \/><\/figure>\n<\/figure>\n\n\n\n<hr class=\"wp-block-separator has-alpha-channel-opacity\"\/>\n\n\n\n<h4 class=\"wp-block-heading\">Freiwillige Sozialleistungen und Gewinnbeteiligung<\/h4>\n\n\n\n<p>ASTRON Electronic legt gro\u00dfen Wert auf hohe Leistung seiner Mitarbeiter und bietet im Gegenzug eine Vielzahl freiwilliger Sozialleistungen. <br>Dazu geh\u00f6ren die \u00dcbernahme von Verpflegungskosten f\u00fcr das Mittagessen, die Kosten\u00fcbernahme f\u00fcr Vorsorgeuntersuchungen und Impfungen sowohl f\u00fcr die Mitarbeiter als auch f\u00fcr deren Kinder bis zum 14. Lebensjahr. Zudem werden regelm\u00e4\u00dfig Massagen f\u00fcr die Mitarbeiter angeboten, um Stress abzubauen und das allgemeine Wohlbefinden zu f\u00f6rdern. Zusch\u00fcsse f\u00fcr Sehbehelfe und Kinderbetreuung tragen ebenfalls zur Unterst\u00fctzung der Mitarbeiter bei, indem sie finanzielle Entlastung bieten und ihnen ein gutes Gef\u00fchl geben, dass ihre pers\u00f6nlichen Bed\u00fcrfnisse gesch\u00e4tzt werden.<br>Um die Verbundenheit unter den Mitarbeitern zu st\u00e4rken, organisiert ASTRON Electronic eine j\u00e4hrliche Weihnachtsfeier und schenkt den Mitarbeitern zu diesem Anlass auch Weihnachtsgeschenke. Diese Veranstaltungen f\u00f6rdern den Teamgeist und schaffen eine positive Arbeitsatmosph\u00e4re.<br>Dar\u00fcber hinaus belohnt ASTRON Electronic die Leistung seiner Mitarbeiter durch Gewinnbeteiligung und Leistungspr\u00e4mien. Diese Anreize erkennen und honorieren die hervorragende Arbeit jedes Einzelnen.<\/p>\n\n\n\n<figure class=\"wp-block-gallery has-nested-images columns-4 is-cropped wp-block-gallery-2 is-layout-flex wp-block-gallery-is-layout-flex\">\n<figure class=\"wp-block-image size-large\"><img loading=\"lazy\" decoding=\"async\" width=\"1024\" height=\"724\" data-id=\"859\" src=\"https:\/\/www.astron.co.at\/wp-content\/uploads\/2023\/06\/1-1024x724.jpg\" alt=\"\" class=\"wp-image-859\" srcset=\"https:\/\/www.astron.co.at\/wp-content\/uploads\/2023\/06\/1-1024x724.jpg 1024w, https:\/\/www.astron.co.at\/wp-content\/uploads\/2023\/06\/1-300x212.jpg 300w, https:\/\/www.astron.co.at\/wp-content\/uploads\/2023\/06\/1-768x543.jpg 768w, https:\/\/www.astron.co.at\/wp-content\/uploads\/2023\/06\/1-1536x1086.jpg 1536w, https:\/\/www.astron.co.at\/wp-content\/uploads\/2023\/06\/1-rotated.jpg 1684w\" sizes=\"auto, (max-width: 1024px) 100vw, 1024px\" \/><\/figure>\n\n\n\n<figure class=\"wp-block-image size-large\"><img loading=\"lazy\" decoding=\"async\" width=\"1024\" height=\"612\" data-id=\"858\" src=\"https:\/\/www.astron.co.at\/wp-content\/uploads\/2023\/06\/IMG_8178-1024x612.jpg\" alt=\"\" class=\"wp-image-858\" srcset=\"https:\/\/www.astron.co.at\/wp-content\/uploads\/2023\/06\/IMG_8178-1024x612.jpg 1024w, https:\/\/www.astron.co.at\/wp-content\/uploads\/2023\/06\/IMG_8178-300x179.jpg 300w, https:\/\/www.astron.co.at\/wp-content\/uploads\/2023\/06\/IMG_8178-768x459.jpg 768w, https:\/\/www.astron.co.at\/wp-content\/uploads\/2023\/06\/IMG_8178.jpg 1196w\" sizes=\"auto, (max-width: 1024px) 100vw, 1024px\" \/><\/figure>\n\n\n\n<figure class=\"wp-block-image size-large\"><img loading=\"lazy\" decoding=\"async\" width=\"1024\" height=\"684\" data-id=\"857\" src=\"https:\/\/www.astron.co.at\/wp-content\/uploads\/2023\/06\/Pause-1024x684.jpg\" alt=\"\" class=\"wp-image-857\" srcset=\"https:\/\/www.astron.co.at\/wp-content\/uploads\/2023\/06\/Pause-1024x684.jpg 1024w, https:\/\/www.astron.co.at\/wp-content\/uploads\/2023\/06\/Pause-300x201.jpg 300w, https:\/\/www.astron.co.at\/wp-content\/uploads\/2023\/06\/Pause-768x513.jpg 768w, https:\/\/www.astron.co.at\/wp-content\/uploads\/2023\/06\/Pause-360x240.jpg 360w, https:\/\/www.astron.co.at\/wp-content\/uploads\/2023\/06\/Pause.jpg 1378w\" sizes=\"auto, (max-width: 1024px) 100vw, 1024px\" \/><\/figure>\n\n\n\n<figure class=\"wp-block-image size-large is-style-default\"><img loading=\"lazy\" decoding=\"async\" width=\"992\" height=\"1024\" data-id=\"856\" src=\"https:\/\/www.astron.co.at\/wp-content\/uploads\/2023\/06\/IMG_8304_Tamara-992x1024.jpg\" alt=\"\" class=\"wp-image-856\" srcset=\"https:\/\/www.astron.co.at\/wp-content\/uploads\/2023\/06\/IMG_8304_Tamara-992x1024.jpg 992w, https:\/\/www.astron.co.at\/wp-content\/uploads\/2023\/06\/IMG_8304_Tamara-291x300.jpg 291w, https:\/\/www.astron.co.at\/wp-content\/uploads\/2023\/06\/IMG_8304_Tamara-768x793.jpg 768w, https:\/\/www.astron.co.at\/wp-content\/uploads\/2023\/06\/IMG_8304_Tamara.jpg 999w\" sizes=\"auto, (max-width: 992px) 100vw, 992px\" \/><\/figure>\n<\/figure>\n\n\n\n<hr class=\"wp-block-separator has-alpha-channel-opacity\"\/>\n\n\n\n<h4 class=\"wp-block-heading\">Arbeitszeiten<\/h4>\n\n\n\n<p>Flexible Arbeitszeiten sind ein weiterer Vorteil, den ASTRON Electronic seinen Mitarbeitern bietet. Das Unternehmen erkennt die Bedeutung einer ausgewogenen Balance zwischen Arbeits- und Freizeit an und erm\u00f6glicht es den Mitarbeitern, ihre Arbeitszeiten entsprechend ihren individuellen Bed\u00fcrfnissen anzupassen. Diese Flexibilit\u00e4t schafft eine angenehme Arbeitsatmosph\u00e4re und unterst\u00fctzt die Mitarbeiter dabei, ihre pers\u00f6nlichen und beruflichen Ziele erfolgreich zu vereinen.<br>Ein gemeinsamer Sommer- und Winterurlaub sowie freie Fenstertage sorgen f\u00fcr eine ausgewogene Verteilung der Arbeit und wirklichen Erholungsphasen.<\/p>\n\n\n\n<h4 class=\"wp-block-heading\">Voraussetzungen, Ausbildungen und Weiterbildung<\/h4>\n\n\n\n<p>Ein weiterer bemerkenswerter Aspekt von ASTRON Electronic ist die Offenheit f\u00fcr Mitarbeiter jeden Ausbildungsgrades. Das Unternehmen erkennt das Potenzial und die Motivation seiner Belegschaft an und bietet ungelernten Mitarbeitern alle Aufstiegsm\u00f6glichkeiten. Es f\u00f6rdert die kontinuierliche Weiterbildung und bietet Schulungen, um sicherzustellen, dass jeder Mitarbeiter sein volles Potenzial entfalten kann.<\/p>\n\n\n\n<figure class=\"wp-block-gallery has-nested-images columns-4 is-cropped wp-block-gallery-3 is-layout-flex wp-block-gallery-is-layout-flex\">\n<figure class=\"wp-block-image size-large\"><img loading=\"lazy\" decoding=\"async\" width=\"1000\" height=\"715\" data-id=\"907\" src=\"https:\/\/www.astron.co.at\/wp-content\/uploads\/2023\/06\/HP-ALC.jpg\" alt=\"\" class=\"wp-image-907\" srcset=\"https:\/\/www.astron.co.at\/wp-content\/uploads\/2023\/06\/HP-ALC.jpg 1000w, https:\/\/www.astron.co.at\/wp-content\/uploads\/2023\/06\/HP-ALC-300x215.jpg 300w, https:\/\/www.astron.co.at\/wp-content\/uploads\/2023\/06\/HP-ALC-768x549.jpg 768w\" sizes=\"auto, (max-width: 1000px) 100vw, 1000px\" \/><\/figure>\n\n\n\n<figure class=\"wp-block-image size-large\"><img loading=\"lazy\" decoding=\"async\" width=\"1000\" height=\"686\" data-id=\"908\" src=\"https:\/\/www.astron.co.at\/wp-content\/uploads\/2023\/06\/HP-Erste-Hilfe.jpeg\" alt=\"\" class=\"wp-image-908\" srcset=\"https:\/\/www.astron.co.at\/wp-content\/uploads\/2023\/06\/HP-Erste-Hilfe.jpeg 1000w, https:\/\/www.astron.co.at\/wp-content\/uploads\/2023\/06\/HP-Erste-Hilfe-300x206.jpeg 300w, https:\/\/www.astron.co.at\/wp-content\/uploads\/2023\/06\/HP-Erste-Hilfe-768x527.jpeg 768w\" sizes=\"auto, (max-width: 1000px) 100vw, 1000px\" \/><\/figure>\n\n\n\n<figure class=\"wp-block-image size-large\"><img loading=\"lazy\" decoding=\"async\" width=\"1000\" height=\"662\" data-id=\"909\" src=\"https:\/\/www.astron.co.at\/wp-content\/uploads\/2023\/06\/HP-IPC-7711-21.jpg\" alt=\"\" class=\"wp-image-909\" srcset=\"https:\/\/www.astron.co.at\/wp-content\/uploads\/2023\/06\/HP-IPC-7711-21.jpg 1000w, https:\/\/www.astron.co.at\/wp-content\/uploads\/2023\/06\/HP-IPC-7711-21-300x199.jpg 300w, https:\/\/www.astron.co.at\/wp-content\/uploads\/2023\/06\/HP-IPC-7711-21-768x508.jpg 768w\" sizes=\"auto, (max-width: 1000px) 100vw, 1000px\" \/><\/figure>\n\n\n\n<figure class=\"wp-block-image size-large\"><img loading=\"lazy\" decoding=\"async\" width=\"1000\" height=\"666\" data-id=\"910\" src=\"https:\/\/www.astron.co.at\/wp-content\/uploads\/2023\/06\/HP-IPC610-Gruppe.jpg\" alt=\"\" class=\"wp-image-910\" srcset=\"https:\/\/www.astron.co.at\/wp-content\/uploads\/2023\/06\/HP-IPC610-Gruppe.jpg 1000w, https:\/\/www.astron.co.at\/wp-content\/uploads\/2023\/06\/HP-IPC610-Gruppe-300x200.jpg 300w, https:\/\/www.astron.co.at\/wp-content\/uploads\/2023\/06\/HP-IPC610-Gruppe-768x511.jpg 768w, https:\/\/www.astron.co.at\/wp-content\/uploads\/2023\/06\/HP-IPC610-Gruppe-360x240.jpg 360w\" sizes=\"auto, (max-width: 1000px) 100vw, 1000px\" \/><\/figure>\n<\/figure>\n\n\n\n<hr class=\"wp-block-separator has-alpha-channel-opacity\"\/>\n\n\n\n<h2 class=\"wp-block-heading\">Offene Stellen:<\/h2>\n\n\n\n<p>Wir nehmen laufend neue Mitarbeiter f\u00fcr die Produktion und die Kundenbetreuung auf.<\/p>\n\n\n\n<h4 class=\"wp-block-heading\">Initiativbewerbung<\/h4>\n\n\n\n<p>Wir sind stets daran interessiert, mit guten Kandidaten ins Gespr\u00e4ch zu kommen und freuen uns jederzeit \u00fcber Initiativbewerbungen! Bitte schicken Sie Ihre aussagekr\u00e4ftigen Unterlagen an:<br><br>ASTRON Electronic GmbH<br>z.H. Frau Astrid Hochenwarter<br>Feistritz\/Gail 333<br>9613 Feistritz an der Gail<br>AUSTRIA<br><br>oder per E-Mail an: <a href=\"mailto:karriere@astron.co.at\">karriere(at)astron.co.at<\/a><br><br><em>mit der Einsendung: ASTRON Electronic GmbH verpflichtet sich, die Privatsph\u00e4re zu sch\u00fctzen und zu respektieren. \u201eIch stimme zu, Benachrichtigungen im Zusammenhang mit meiner Bewerbung von ASTRON Electronic GmbH zu erhalten.\u201c<\/em><\/p>\n\n\n\n<h4 class=\"wp-block-heading\">Praktikum bei ASTRON Electronic<\/h4>\n\n\n\n<p>Sch\u00fcler und Studenten haben die M\u00f6glichkeit, unser Unternehmen im Rahmen eines Berufs- oder Ferialpraktikums n\u00e4her kennen zu lernen und erste Berufserfahrungen zu sammeln. Praktika sind wichtig, um das in Schule und Studium erworbene Wissen zu festigen und zu erweitern. In vielen Ausbildungsberufen sind sie mittlerweile fester Bestandteil.<br>Bei ASTRON Electronic bieten wir jedes Jahr jungen Menschen diese M\u00f6glichkeit! Ferialjobs werden jedes Jahr nach Bedarf vergeben &#8211; haupts\u00e4chlich in der Produktion. <br>Dar\u00fcber hinaus geben wir gerne einen Einblick in unsere faszinierende Arbeitswelt. Dies erm\u00f6glichen wir z.B. bei Berufsorientierungsmessen, Berufsspionage und jederzeit auf Anfrage.<\/p>\n","protected":false},"excerpt":{"rendered":"<p>Die ersten 7 Mitarbeiter waren auch Gr\u00fcnder und somit Miteigent\u00fcmer von ASTRON Electronic. Aus diesem Grund gab es bei uns nie eine klare Trennung zwischen Arbeit und Privatleben. Im Laufe der Jahre und mit der wachsenden Zahl der Mitarbeiter hat sich im Personalbereich zwar einiges ge\u00e4ndert, aber das Leitbild der [&hellip;]<\/p>\n","protected":false},"author":3,"featured_media":0,"parent":0,"menu_order":0,"comment_status":"closed","ping_status":"closed","template":"","meta":{"footnotes":""},"class_list":["post-782","page","type-page","status-publish","hentry"],"_links":{"self":[{"href":"https:\/\/www.astron.co.at\/index.php\/wp-json\/wp\/v2\/pages\/782","targetHints":{"allow":["GET"]}}],"collection":[{"href":"https:\/\/www.astron.co.at\/index.php\/wp-json\/wp\/v2\/pages"}],"about":[{"href":"https:\/\/www.astron.co.at\/index.php\/wp-json\/wp\/v2\/types\/page"}],"author":[{"embeddable":true,"href":"https:\/\/www.astron.co.at\/index.php\/wp-json\/wp\/v2\/users\/3"}],"replies":[{"embeddable":true,"href":"https:\/\/www.astron.co.at\/index.php\/wp-json\/wp\/v2\/comments?post=782"}],"version-history":[{"count":23,"href":"https:\/\/www.astron.co.at\/index.php\/wp-json\/wp\/v2\/pages\/782\/revisions"}],"predecessor-version":[{"id":1007,"href":"https:\/\/www.astron.co.at\/index.php\/wp-json\/wp\/v2\/pages\/782\/revisions\/1007"}],"wp:attachment":[{"href":"https:\/\/www.astron.co.at\/index.php\/wp-json\/wp\/v2\/media?parent=782"}],"curies":[{"name":"wp","href":"https:\/\/api.w.org\/{rel}","templated":true}]}}