{"id":36,"date":"2023-06-20T10:08:11","date_gmt":"2023-06-20T08:08:11","guid":{"rendered":"http:\/\/192.168.137.128\/?page_id=36"},"modified":"2023-11-17T10:23:14","modified_gmt":"2023-11-17T09:23:14","slug":"ueber-uns","status":"publish","type":"page","link":"https:\/\/www.astron.co.at\/index.php\/ueber-uns\/","title":{"rendered":"\u00dcber uns"},"content":{"rendered":"\n<p>ASTRON Electronic GmbH ist ein 1997 von Mitarbeitern und Partner gegr\u00fcndeter <abbr title=\"\" data-original-title=\"Electronic Manufacturing Services\">EMS<\/abbr>-Dienstleister im S\u00fcden K\u00e4rntens\/\u00d6sterreich und bis heute in Privatbesitz. Wir haben uns auf die Best\u00fcckung von Prototypen, Einzelst\u00fccken bis hin zur Winzig Serie (max. 100 000 Bauteilen pro Produktionsauftrag) spezialisiert. Unsere Kunden lieben uns f\u00fcr die qualitativ hochwertige, perfekte Ausf\u00fchrung und kurze Lieferzeiten, weshalb unsere Best\u00fcckung mit flexiblen Best\u00fcckungsautomaten nahezu ohne Einschr\u00e4nkungen der Gr\u00f6\u00dfe und Technologie der Leiterplatte, sowie Gr\u00f6\u00dfe und Form der Bauteilen realisiert wird. Gel\u00f6tet wird mit einer Dampfphasenl\u00f6tanlage mit Vakuum Modul zur Reduzierung von Voids.<br><br>Zertifizierung der Mitarbeiter<br>Wie Sie auf unserer Homepage im Bereich UNSER TEAM sehen k\u00f6nnen, haben wir uns zum Ziel gesetzt, alle unsere Mitarbeiter zu zertifizierten IPC Spezialisten der IPC-A-610 und IPC 7711B\/7721B zu schulen. Inzwischen konnten wir unser Team ebenfalls mit zertifizierten IPC Spezialisten des J-STD-001 erg\u00e4nzen. Die Neu- bzw. zweij\u00e4hrige Rezertifizierung aller Mitarbeiter erfolgt durch In-House IPC Trainer.<br><br>Auf unserer Homepage k\u00f6nnen Sie im Bereich ANFRAGE sehen, welche Daten wir f\u00fcr die Erstellung eines Angebotes ben\u00f6tigen, im Bereich DIENSTLEISTUNG finden Sie Infos dazu in welchen Bereichen wir Sie unterst\u00fctzen k\u00f6nnen und im Bereich ZERTIFIKATE, AUSZEICHNUNGEN finden Sie unser ISO Zertifizierungen zu EN ISO 9001, EN ISO 14001 und EN ISO 45001 sowie Infos zu unseren Pr\u00e4mierungen bei Austria\u2019s Leading Companies.<\/p>\n\n\n\n<hr class=\"wp-block-separator has-alpha-channel-opacity\"\/>\n\n\n\n<figure class=\"wp-block-video\"><video controls src=\"https:\/\/www.astron.co.at\/wp-content\/uploads\/2023\/06\/20130119-HN-Videovorstellung-Astron-Electronic.mp4\"><\/video><\/figure>\n\n\n\n<hr class=\"wp-block-separator has-alpha-channel-opacity\"\/>\n\n\n\n<h4 class=\"wp-block-heading has-medium-font-size\"><span style=\"font-size: 14pt; color: #000000;\">Unsere Firmenleits\u00e4tze<\/span><\/h4>\n\n\n\n<p class=\"has-text-align-left has-accent-color has-text-color\"><strong>ASTRON Electronic GmbH ist unser Leben.<\/strong> <\/p>\n\n\n\n<ul class=\"wp-block-list\">\n<li>Wir verbessern unser Leben, indem wir ASTRON Electronic GmbH verbessern.<\/li>\n\n\n\n<li>Wir stellen unsere Produkte in einer Qualit\u00e4t her, die wir selbst sofort kaufen w\u00fcrden.<\/li>\n\n\n\n<li>Wir handeln langfristig und partnerschaftlich mit allen Interessengruppen wie Kunden, Lieferanten und Mitarbeitern.<\/li>\n\n\n\n<li>Wir identifizieren und erf\u00fcllen die f\u00fcr uns geltenden Gesetze und Normen.<\/li>\n\n\n\n<li>Wir gehen sorgsam mit uns, unseren Mitarbeitern und unserer Umwelt um.<\/li>\n<\/ul>\n\n\n\n<hr class=\"wp-block-separator has-alpha-channel-opacity\"\/>\n\n\n\n<h4 class=\"wp-block-heading\"><span style=\"font-size: 14pt; color: #000000;\">Meilensteine der Erfolgsgeschichte<\/span><\/h4>\n\n\n\n<figure class=\"wp-block-table\"><table><tbody><tr><td>2023<\/td><td>25 j\u00e4hriges Firmenjubil\u00e4um<br>Verleihung eines Ehrendiploms durch die Innung der Mechatroniker<\/td><\/tr><tr><td>2022<\/td><td>Auszeichnung als Austria\u2019s Leading Companie<\/td><\/tr><tr><td>2021<\/td><td>Rezertifizierung des integrierten Managementsystem (ISO9001, ISO14001 und ISO45001)<br>Auszeichnung als Austria\u2019s Leading Companie<\/td><\/tr><tr><td>2019<\/td><td>Auszeichnung als Austria\u2019s Leading Companie<\/td><\/tr><tr><td>2018&nbsp;<\/td><td>Vakuummodul f\u00fcr das Dampfphasenl\u00f6ten<br>Zertifizierung des integrierten Managementsystem (ISO9001, ISO14001 und ISO45001)<br>Erweiterung der Photovoltaikanlage und Installation einer Elektrotankstelle<br>Auszeichnung als Austria\u2019s Leading Companie<\/td><\/tr><tr><td>2017<\/td><td>Zertifizierung aller Mitarbeiter nach IPC-A-610 und IPC 7711\/7721<br>Auszeichnung als Austria\u2019s Leading Companie<\/td><\/tr><tr><td>2016<\/td><td>Auszeichnung als Austria\u2019s Leading Companie<\/td><\/tr><tr><td>2015<\/td><td>Erweiterung des Firmenstandortes um weitere 500 m\u00b2 Produktionsfl\u00e4che<br>Nachhaltiges Energiekonzept mit Photovoltaikanlage und Klimatisierung mittels eigenem Brunnenwasser und Holzpellets<br>Auszeichnung als Austria\u2019s Leading Companie<\/td><\/tr><tr><td>2013<\/td><td>Ausstattung einer kleinen Werkst\u00e4tte f\u00fcr mechanische Prototypen (Fr\u00e4se, 3D-Druck)<\/td><\/tr><tr><td>2011<\/td><td>Auszeichnung als Frauen- und Familienfreundlichster Betrieb<\/td><\/tr><tr><td>2006 &#8211; 2010<\/td><td>laufende Erweiterungen und Erg\u00e4nzungen der SMD Produktion<\/td><\/tr><tr><td>2007<\/td><td>Auszeichnung als Frauen- und Familienfreundlichster Betrieb<\/td><\/tr><tr><td>2005<\/td><td>Bau und Umzug in ein eigenes Firmengeb\u00e4ude<\/td><\/tr><tr><td>2004<\/td><td>Beginn der maschinellen SMD Best\u00fcckung und Dampfphasenl\u00f6ten<\/td><\/tr><tr><td>2003<\/td><td>Auszeichnung als Frauen- und Familienfreundlichster Betrieb<\/td><\/tr><tr><td>1998 Feber<\/td><td>Start der Produktion auf 150 m\u00b2 mit manueller Best\u00fcckung<br>und Schalt- &amp; Steuerungsanlagenbau als Dienstleistung<\/td><\/tr><tr><td>1997 Dezember<\/td><td>Gr\u00fcndung der GmbH durch die ersten sieben Mitarbeiter und vier Freunde<\/td><\/tr><\/tbody><\/table><\/figure>\n\n\n\n<hr class=\"wp-block-separator has-alpha-channel-opacity\"\/>\n","protected":false},"excerpt":{"rendered":"<p>ASTRON Electronic GmbH ist ein 1997 von Mitarbeitern und Partner gegr\u00fcndeter EMS-Dienstleister im S\u00fcden K\u00e4rntens\/\u00d6sterreich und bis heute in Privatbesitz. Wir haben uns auf die Best\u00fcckung von Prototypen, Einzelst\u00fccken bis hin zur Winzig Serie (max. 100 000 Bauteilen pro Produktionsauftrag) spezialisiert. Unsere Kunden lieben uns f\u00fcr die qualitativ hochwertige, perfekte [&hellip;]<\/p>\n","protected":false},"author":1,"featured_media":0,"parent":0,"menu_order":0,"comment_status":"closed","ping_status":"closed","template":"","meta":{"footnotes":""},"class_list":["post-36","page","type-page","status-publish","hentry"],"_links":{"self":[{"href":"https:\/\/www.astron.co.at\/index.php\/wp-json\/wp\/v2\/pages\/36","targetHints":{"allow":["GET"]}}],"collection":[{"href":"https:\/\/www.astron.co.at\/index.php\/wp-json\/wp\/v2\/pages"}],"about":[{"href":"https:\/\/www.astron.co.at\/index.php\/wp-json\/wp\/v2\/types\/page"}],"author":[{"embeddable":true,"href":"https:\/\/www.astron.co.at\/index.php\/wp-json\/wp\/v2\/users\/1"}],"replies":[{"embeddable":true,"href":"https:\/\/www.astron.co.at\/index.php\/wp-json\/wp\/v2\/comments?post=36"}],"version-history":[{"count":20,"href":"https:\/\/www.astron.co.at\/index.php\/wp-json\/wp\/v2\/pages\/36\/revisions"}],"predecessor-version":[{"id":977,"href":"https:\/\/www.astron.co.at\/index.php\/wp-json\/wp\/v2\/pages\/36\/revisions\/977"}],"wp:attachment":[{"href":"https:\/\/www.astron.co.at\/index.php\/wp-json\/wp\/v2\/media?parent=36"}],"curies":[{"name":"wp","href":"https:\/\/api.w.org\/{rel}","templated":true}]}}